{"id":14,"date":"2017-03-27T09:23:33","date_gmt":"2017-03-27T07:23:33","guid":{"rendered":"http:\/\/www.hoeller.bz\/energie\/?page_id=14"},"modified":"2017-08-04T11:15:36","modified_gmt":"2017-08-04T09:15:36","slug":"impressum","status":"publish","type":"page","link":"https:\/\/www.hoeller.bz\/energie\/de\/impressum\/","title":{"rendered":"Impressum"},"content":{"rendered":"<div class=\"fusion-fullwidth fullwidth-box fusion-builder-row-1 nonhundred-percent-fullwidth non-hundred-percent-height-scrolling\" style=\"--awb-border-radius-top-left:0px;--awb-border-radius-top-right:0px;--awb-border-radius-bottom-right:0px;--awb-border-radius-bottom-left:0px;--awb-padding-top:20px;--awb-padding-right:20px;--awb-padding-bottom:20px;--awb-padding-left:20px;--awb-background-color:#ffffff;--awb-flex-wrap:wrap;\" ><div class=\"fusion-builder-row fusion-row\"><div class=\"fusion-layout-column fusion_builder_column fusion-builder-column-0 fusion_builder_column_1_1 1_1 fusion-one-full fusion-column-first fusion-column-last\" style=\"--awb-bg-size:cover;\"><div class=\"fusion-column-wrapper fusion-flex-column-wrapper-legacy\"><div class=\"fusion-text fusion-text-1\"><p><span style=\"font-family: 'Times New Roman'; font-size: medium; color: #000000;\">Trotz sorgf\u00e4ltiger Kontrolle k\u00f6nnen wir keine Haftung f\u00fcr den Inhalt verlinkter Internetseiten, f\u00fcr\u00a0 Fehler oder sonstige Irrt\u00fcmer \u00fcbernehmen &#8211; \u00c4nderungen sind jederzeit vorbehalten. Sollte dieser Internetauftritt nicht oder nicht mit dem vollen Leistungsumfang verf\u00fcgbar sein, so wird nicht f\u00fcr Sch\u00e4den oder Folgesch\u00e4den gehaftet.<\/span><\/p>\n<p><span style=\"font-family: 'Times New Roman'; font-size: medium; color: #000000;\">Diese Website ist kein Hochsicherheitssystem und kann schon allein durch seine Anbindung an das Internet und der sich daraus ergebenden, technischen Gegebenheiten keine Gew\u00e4hr daf\u00fcr \u00fcbernehmen, dass der Informationsfluss von und zu diesem Auftritt nicht von Dritten abgeh\u00f6rt und\/oder aufgezeichnet wird.<\/span><\/p>\n<p><span style=\"color: #000000;\"><span style=\"font-family: 'Times New Roman'; font-size: medium;\">S\u00e4mtliche Namen, Marken und Warenzeichen sind Eigentum des jeweiligen Inhabers. Dies gil<\/span>t auch dann, wenn diese nicht als solche gekennzeichnet wurden. Der gesamte Internetauftritt ist urheberrechtlich gesch\u00fctzt. Der Herausgeber ist:<\/span><\/p>\n<p><span style=\"color: #000000;\"><span lang=\"de\">Das <\/span>Aufkl\u00e4rungsschreiben im Sinne des Gesetzesvertretenden Dekretes vom 30.06.2003 \u201eDatenschutzkodex\u201c<span lang=\"de\"> ist <a style=\"color: #000000;\" href=\"http:\/\/hoeller.bz\/gebrueder\/bonifatius\/deutsch\/privacy.htm\">hier einsichtbar<\/a>.<\/span><\/span><\/p>\n<p align=\"left\"><span style=\"color: #000000;\">Bartholom\u00e4us H\u00f6ller<\/span><br \/>\nElektroinstallationen<br \/>\nUID IT01624730212<br \/>\nHandwerkerzone 176<br \/>\nI-39043 Klausen (BZ)<\/p>\n<p align=\"left\">\u00a0Tel. 0472 \/ 545360<br \/>\nFax 0472 \/ 545362<\/p>\n<p>Handy 348 \/ 3336077<br \/>\n<a href=\"mailto:elektro@hoeller.bz\">elektro@hoeller.bz<\/a><\/p>\n<\/div><div class=\"fusion-clearfix\"><\/div><\/div><\/div><\/div><\/div>\n","protected":false},"excerpt":{"rendered":"","protected":false},"author":1,"featured_media":0,"parent":0,"menu_order":0,"comment_status":"closed","ping_status":"closed","template":"","meta":{"footnotes":""},"class_list":["post-14","page","type-page","status-publish","hentry"],"yoast_head":"<!-- This site is optimized with the Yoast SEO plugin v23.4 - https:\/\/yoast.com\/wordpress\/plugins\/seo\/ -->\n<title>Impressum - Hoeller Bartholomaeus<\/title>\n<meta name=\"robots\" content=\"index, follow, max-snippet:-1, max-image-preview:large, max-video-preview:-1\" \/>\n<link rel=\"canonical\" href=\"https:\/\/www.hoeller.bz\/energie\/de\/impressum\/\" \/>\n<meta property=\"og:locale\" content=\"de_DE\" \/>\n<meta property=\"og:type\" content=\"article\" \/>\n<meta property=\"og:title\" content=\"Impressum - Hoeller Bartholomaeus\" \/>\n<meta property=\"og:url\" content=\"https:\/\/www.hoeller.bz\/energie\/de\/impressum\/\" \/>\n<meta property=\"og:site_name\" content=\"Hoeller Bartholomaeus\" \/>\n<meta property=\"article:modified_time\" content=\"2017-08-04T09:15:36+00:00\" \/>\n<meta name=\"twitter:card\" content=\"summary_large_image\" \/>\n<meta name=\"twitter:label1\" content=\"Gesch\u00e4tzte Lesezeit\" \/>\n\t<meta name=\"twitter:data1\" content=\"1\u00a0Minute\" \/>\n<script type=\"application\/ld+json\" class=\"yoast-schema-graph\">{\"@context\":\"https:\/\/schema.org\",\"@graph\":[{\"@type\":\"WebPage\",\"@id\":\"https:\/\/www.hoeller.bz\/energie\/de\/impressum\/\",\"url\":\"https:\/\/www.hoeller.bz\/energie\/de\/impressum\/\",\"name\":\"Impressum - Hoeller Bartholomaeus\",\"isPartOf\":{\"@id\":\"https:\/\/www.hoeller.bz\/energie\/#website\"},\"datePublished\":\"2017-03-27T07:23:33+00:00\",\"dateModified\":\"2017-08-04T09:15:36+00:00\",\"breadcrumb\":{\"@id\":\"https:\/\/www.hoeller.bz\/energie\/de\/impressum\/#breadcrumb\"},\"inLanguage\":\"de\",\"potentialAction\":[{\"@type\":\"ReadAction\",\"target\":[\"https:\/\/www.hoeller.bz\/energie\/de\/impressum\/\"]}]},{\"@type\":\"BreadcrumbList\",\"@id\":\"https:\/\/www.hoeller.bz\/energie\/de\/impressum\/#breadcrumb\",\"itemListElement\":[{\"@type\":\"ListItem\",\"position\":1,\"name\":\"Startseite\",\"item\":\"https:\/\/www.hoeller.bz\/energie\/de\/home\/\"},{\"@type\":\"ListItem\",\"position\":2,\"name\":\"Impressum\"}]},{\"@type\":\"WebSite\",\"@id\":\"https:\/\/www.hoeller.bz\/energie\/#website\",\"url\":\"https:\/\/www.hoeller.bz\/energie\/\",\"name\":\"Hoeller Bartholomaeus\",\"description\":\"Elektriker \/ Energie\",\"potentialAction\":[{\"@type\":\"SearchAction\",\"target\":{\"@type\":\"EntryPoint\",\"urlTemplate\":\"https:\/\/www.hoeller.bz\/energie\/?s={search_term_string}\"},\"query-input\":{\"@type\":\"PropertyValueSpecification\",\"valueRequired\":true,\"valueName\":\"search_term_string\"}}],\"inLanguage\":\"de\"}]}<\/script>\n<!-- \/ Yoast SEO plugin. -->","yoast_head_json":{"title":"Impressum - Hoeller Bartholomaeus","robots":{"index":"index","follow":"follow","max-snippet":"max-snippet:-1","max-image-preview":"max-image-preview:large","max-video-preview":"max-video-preview:-1"},"canonical":"https:\/\/www.hoeller.bz\/energie\/de\/impressum\/","og_locale":"de_DE","og_type":"article","og_title":"Impressum - Hoeller Bartholomaeus","og_url":"https:\/\/www.hoeller.bz\/energie\/de\/impressum\/","og_site_name":"Hoeller Bartholomaeus","article_modified_time":"2017-08-04T09:15:36+00:00","twitter_card":"summary_large_image","twitter_misc":{"Gesch\u00e4tzte Lesezeit":"1\u00a0Minute"},"schema":{"@context":"https:\/\/schema.org","@graph":[{"@type":"WebPage","@id":"https:\/\/www.hoeller.bz\/energie\/de\/impressum\/","url":"https:\/\/www.hoeller.bz\/energie\/de\/impressum\/","name":"Impressum - Hoeller Bartholomaeus","isPartOf":{"@id":"https:\/\/www.hoeller.bz\/energie\/#website"},"datePublished":"2017-03-27T07:23:33+00:00","dateModified":"2017-08-04T09:15:36+00:00","breadcrumb":{"@id":"https:\/\/www.hoeller.bz\/energie\/de\/impressum\/#breadcrumb"},"inLanguage":"de","potentialAction":[{"@type":"ReadAction","target":["https:\/\/www.hoeller.bz\/energie\/de\/impressum\/"]}]},{"@type":"BreadcrumbList","@id":"https:\/\/www.hoeller.bz\/energie\/de\/impressum\/#breadcrumb","itemListElement":[{"@type":"ListItem","position":1,"name":"Startseite","item":"https:\/\/www.hoeller.bz\/energie\/de\/home\/"},{"@type":"ListItem","position":2,"name":"Impressum"}]},{"@type":"WebSite","@id":"https:\/\/www.hoeller.bz\/energie\/#website","url":"https:\/\/www.hoeller.bz\/energie\/","name":"Hoeller Bartholomaeus","description":"Elektriker \/ Energie","potentialAction":[{"@type":"SearchAction","target":{"@type":"EntryPoint","urlTemplate":"https:\/\/www.hoeller.bz\/energie\/?s={search_term_string}"},"query-input":{"@type":"PropertyValueSpecification","valueRequired":true,"valueName":"search_term_string"}}],"inLanguage":"de"}]}},"_links":{"self":[{"href":"https:\/\/www.hoeller.bz\/energie\/wp-json\/wp\/v2\/pages\/14"}],"collection":[{"href":"https:\/\/www.hoeller.bz\/energie\/wp-json\/wp\/v2\/pages"}],"about":[{"href":"https:\/\/www.hoeller.bz\/energie\/wp-json\/wp\/v2\/types\/page"}],"author":[{"embeddable":true,"href":"https:\/\/www.hoeller.bz\/energie\/wp-json\/wp\/v2\/users\/1"}],"replies":[{"embeddable":true,"href":"https:\/\/www.hoeller.bz\/energie\/wp-json\/wp\/v2\/comments?post=14"}],"version-history":[{"count":4,"href":"https:\/\/www.hoeller.bz\/energie\/wp-json\/wp\/v2\/pages\/14\/revisions"}],"predecessor-version":[{"id":221,"href":"https:\/\/www.hoeller.bz\/energie\/wp-json\/wp\/v2\/pages\/14\/revisions\/221"}],"wp:attachment":[{"href":"https:\/\/www.hoeller.bz\/energie\/wp-json\/wp\/v2\/media?parent=14"}],"curies":[{"name":"wp","href":"https:\/\/api.w.org\/{rel}","templated":true}]}}