{"id":20,"date":"2017-03-27T09:26:26","date_gmt":"2017-03-27T07:26:26","guid":{"rendered":"http:\/\/www.hoeller.bz\/energie\/?page_id=20"},"modified":"2018-05-07T16:43:42","modified_gmt":"2018-05-07T14:43:42","slug":"firmengeschichte","status":"publish","type":"page","link":"https:\/\/www.hoeller.bz\/energie\/de\/firmengeschichte\/","title":{"rendered":"Firmengeschichte"},"content":{"rendered":"<div class=\"fusion-fullwidth fullwidth-box fusion-builder-row-1 nonhundred-percent-fullwidth non-hundred-percent-height-scrolling\" style=\"--awb-border-radius-top-left:0px;--awb-border-radius-top-right:0px;--awb-border-radius-bottom-right:0px;--awb-border-radius-bottom-left:0px;--awb-padding-top:20px;--awb-padding-right:20px;--awb-padding-bottom:20px;--awb-padding-left:20px;--awb-background-color:#ffffff;--awb-flex-wrap:wrap;\" ><div class=\"fusion-builder-row fusion-row\"><div class=\"fusion-layout-column fusion_builder_column fusion-builder-column-0 fusion_builder_column_1_1 1_1 fusion-one-full fusion-column-first fusion-column-last\" style=\"--awb-bg-size:cover;\"><div class=\"fusion-column-wrapper fusion-flex-column-wrapper-legacy\"><div class=\"fusion-text fusion-text-1\"><p><span style=\"color: #000000;\">Das Unternehmen wurde 1996 am elterlichen Hof gegr\u00fcndet.<\/span><\/p>\n<p><span style=\"color: #000000;\">Bartholom\u00e4us entschloss sich anschlie\u00dfend das Betriebsgeb\u00e4ude in die Handwerkerzone Latzfons zu verlegen. Das Haus wurde so konstruiert, dass es ausschlie\u00dflich\u00a0mit erneuerbarer Energie\u00a0versorgt wird.<\/span><\/p>\n<p><span style=\"color: #000000;\">Seit dem steht Ihnen unser qualifiziertes Team f\u00fcr alle W\u00fcnsche zur Verf\u00fcgung.<\/span><\/p>\n<h3 data-fontsize=\"16\" data-lineheight=\"24\"><span style=\"color: #000000;\">Beratung \u2013 Service \u2013 Qualit\u00e4t wird bei uns gro\u00df geschrieben. Von der Planung \u00fcber die Produktion bis zur Montage kommt alles aus einer Hand.<\/span><\/h3>\n<\/div><div class=\"fusion-clearfix\"><\/div><\/div><\/div><\/div><\/div>\n","protected":false},"excerpt":{"rendered":"","protected":false},"author":1,"featured_media":0,"parent":0,"menu_order":0,"comment_status":"closed","ping_status":"closed","template":"","meta":{"footnotes":""},"class_list":["post-20","page","type-page","status-publish","hentry"],"yoast_head":"<!-- This site is optimized with the Yoast SEO plugin v23.4 - https:\/\/yoast.com\/wordpress\/plugins\/seo\/ -->\n<title>Firmengeschichte - Hoeller Bartholomaeus<\/title>\n<meta name=\"robots\" content=\"index, follow, max-snippet:-1, max-image-preview:large, max-video-preview:-1\" \/>\n<link rel=\"canonical\" href=\"https:\/\/www.hoeller.bz\/energie\/de\/firmengeschichte\/\" \/>\n<meta property=\"og:locale\" content=\"de_DE\" \/>\n<meta property=\"og:type\" content=\"article\" \/>\n<meta property=\"og:title\" content=\"Firmengeschichte - Hoeller Bartholomaeus\" \/>\n<meta property=\"og:url\" content=\"https:\/\/www.hoeller.bz\/energie\/de\/firmengeschichte\/\" \/>\n<meta property=\"og:site_name\" content=\"Hoeller Bartholomaeus\" \/>\n<meta property=\"article:modified_time\" content=\"2018-05-07T14:43:42+00:00\" \/>\n<meta name=\"twitter:card\" content=\"summary_large_image\" \/>\n<meta name=\"twitter:label1\" content=\"Gesch\u00e4tzte Lesezeit\" \/>\n\t<meta name=\"twitter:data1\" content=\"1\u00a0Minute\" \/>\n<script type=\"application\/ld+json\" class=\"yoast-schema-graph\">{\"@context\":\"https:\/\/schema.org\",\"@graph\":[{\"@type\":\"WebPage\",\"@id\":\"https:\/\/www.hoeller.bz\/energie\/de\/firmengeschichte\/\",\"url\":\"https:\/\/www.hoeller.bz\/energie\/de\/firmengeschichte\/\",\"name\":\"Firmengeschichte - Hoeller Bartholomaeus\",\"isPartOf\":{\"@id\":\"https:\/\/www.hoeller.bz\/energie\/#website\"},\"datePublished\":\"2017-03-27T07:26:26+00:00\",\"dateModified\":\"2018-05-07T14:43:42+00:00\",\"breadcrumb\":{\"@id\":\"https:\/\/www.hoeller.bz\/energie\/de\/firmengeschichte\/#breadcrumb\"},\"inLanguage\":\"de\",\"potentialAction\":[{\"@type\":\"ReadAction\",\"target\":[\"https:\/\/www.hoeller.bz\/energie\/de\/firmengeschichte\/\"]}]},{\"@type\":\"BreadcrumbList\",\"@id\":\"https:\/\/www.hoeller.bz\/energie\/de\/firmengeschichte\/#breadcrumb\",\"itemListElement\":[{\"@type\":\"ListItem\",\"position\":1,\"name\":\"Startseite\",\"item\":\"https:\/\/www.hoeller.bz\/energie\/de\/home\/\"},{\"@type\":\"ListItem\",\"position\":2,\"name\":\"Firmengeschichte\"}]},{\"@type\":\"WebSite\",\"@id\":\"https:\/\/www.hoeller.bz\/energie\/#website\",\"url\":\"https:\/\/www.hoeller.bz\/energie\/\",\"name\":\"Hoeller Bartholomaeus\",\"description\":\"Elektriker \/ Energie\",\"potentialAction\":[{\"@type\":\"SearchAction\",\"target\":{\"@type\":\"EntryPoint\",\"urlTemplate\":\"https:\/\/www.hoeller.bz\/energie\/?s={search_term_string}\"},\"query-input\":{\"@type\":\"PropertyValueSpecification\",\"valueRequired\":true,\"valueName\":\"search_term_string\"}}],\"inLanguage\":\"de\"}]}<\/script>\n<!-- \/ Yoast SEO plugin. -->","yoast_head_json":{"title":"Firmengeschichte - Hoeller Bartholomaeus","robots":{"index":"index","follow":"follow","max-snippet":"max-snippet:-1","max-image-preview":"max-image-preview:large","max-video-preview":"max-video-preview:-1"},"canonical":"https:\/\/www.hoeller.bz\/energie\/de\/firmengeschichte\/","og_locale":"de_DE","og_type":"article","og_title":"Firmengeschichte - Hoeller Bartholomaeus","og_url":"https:\/\/www.hoeller.bz\/energie\/de\/firmengeschichte\/","og_site_name":"Hoeller Bartholomaeus","article_modified_time":"2018-05-07T14:43:42+00:00","twitter_card":"summary_large_image","twitter_misc":{"Gesch\u00e4tzte Lesezeit":"1\u00a0Minute"},"schema":{"@context":"https:\/\/schema.org","@graph":[{"@type":"WebPage","@id":"https:\/\/www.hoeller.bz\/energie\/de\/firmengeschichte\/","url":"https:\/\/www.hoeller.bz\/energie\/de\/firmengeschichte\/","name":"Firmengeschichte - Hoeller Bartholomaeus","isPartOf":{"@id":"https:\/\/www.hoeller.bz\/energie\/#website"},"datePublished":"2017-03-27T07:26:26+00:00","dateModified":"2018-05-07T14:43:42+00:00","breadcrumb":{"@id":"https:\/\/www.hoeller.bz\/energie\/de\/firmengeschichte\/#breadcrumb"},"inLanguage":"de","potentialAction":[{"@type":"ReadAction","target":["https:\/\/www.hoeller.bz\/energie\/de\/firmengeschichte\/"]}]},{"@type":"BreadcrumbList","@id":"https:\/\/www.hoeller.bz\/energie\/de\/firmengeschichte\/#breadcrumb","itemListElement":[{"@type":"ListItem","position":1,"name":"Startseite","item":"https:\/\/www.hoeller.bz\/energie\/de\/home\/"},{"@type":"ListItem","position":2,"name":"Firmengeschichte"}]},{"@type":"WebSite","@id":"https:\/\/www.hoeller.bz\/energie\/#website","url":"https:\/\/www.hoeller.bz\/energie\/","name":"Hoeller Bartholomaeus","description":"Elektriker \/ Energie","potentialAction":[{"@type":"SearchAction","target":{"@type":"EntryPoint","urlTemplate":"https:\/\/www.hoeller.bz\/energie\/?s={search_term_string}"},"query-input":{"@type":"PropertyValueSpecification","valueRequired":true,"valueName":"search_term_string"}}],"inLanguage":"de"}]}},"_links":{"self":[{"href":"https:\/\/www.hoeller.bz\/energie\/wp-json\/wp\/v2\/pages\/20"}],"collection":[{"href":"https:\/\/www.hoeller.bz\/energie\/wp-json\/wp\/v2\/pages"}],"about":[{"href":"https:\/\/www.hoeller.bz\/energie\/wp-json\/wp\/v2\/types\/page"}],"author":[{"embeddable":true,"href":"https:\/\/www.hoeller.bz\/energie\/wp-json\/wp\/v2\/users\/1"}],"replies":[{"embeddable":true,"href":"https:\/\/www.hoeller.bz\/energie\/wp-json\/wp\/v2\/comments?post=20"}],"version-history":[{"count":13,"href":"https:\/\/www.hoeller.bz\/energie\/wp-json\/wp\/v2\/pages\/20\/revisions"}],"predecessor-version":[{"id":262,"href":"https:\/\/www.hoeller.bz\/energie\/wp-json\/wp\/v2\/pages\/20\/revisions\/262"}],"wp:attachment":[{"href":"https:\/\/www.hoeller.bz\/energie\/wp-json\/wp\/v2\/media?parent=20"}],"curies":[{"name":"wp","href":"https:\/\/api.w.org\/{rel}","templated":true}]}}